- 1324?
-1334
In base 3, what is 202 - -2?
211
In base 15, what is 5 + -3e?
-39
In base 11, what is 2 + 182?
184
In base 4, what is 10 - -1230?
1300
In base 7, what is -1 - -1051?
1050
In base 12, what is -20 - -60?
40
In base 8, what is 376 + -3?
373
In base 11, what is 1512 + -3?
150a
In base 13, what is 3 - 155?
-152
In base 16, what is -149 + -7?
-150
In base 12, what is 1 - -96?
97
In base 11, what is -3 + 40?
38
In base 16, what is -1b - -1?
-1a
In base 9, what is -814 + 1?
-813
In base 15, what is 5 - 17c?
-177
In base 4, what is 0 - 31212?
-31212
In base 11, what is -12 + 1a?
8
In base 14, what is 1 + -118?
-117
In base 3, what is 1220 + 11?
2001
In base 6, what is -4 + -11502?
-11510
In base 3, what is -2 - -1111002?
1111000
In base 5, what is 1223 - 10?
1213
In base 8, what is 53 + -137?
-64
In base 5, what is -204 - 2?
-211
In base 3, what is 1121 - -1201?
10022
In base 16, what is 1f - 0?
1f
In base 10, what is -2 + -122?
-124
In base 14, what is 2aa + 2?
2ac
In base 11, what is 3 + -222?
-21a
In base 15, what is 80 + -4?
7b
In base 13, what is 429 - -18?
444
In base 10, what is 1 + -16?
-15
In base 13, what is 1 + -47?
-46
In base 8, what is 4030 + 2?
4032
In base 4, what is -10 + -210?
-220
In base 9, what is 3200 + -8?
3181
In base 10, what is -22 + -10?
-32
In base 13, what is 27 + 24?
4b
In base 15, what is -ae + -10?
-be
In base 12, what is -4 + 42?
3a
In base 5, what is 33 - 20?
13
In base 8, what is -3 + -27?
-32
In base 11, what is 45 + 3?
48
In base 4, what is -13 - -303100?
303021
In base 13, what is 26 - -37?
60
In base 16, what is 1 - af?
-ae
In base 3, what is -1 - -212?
211
In base 11, what is 139 - 4?
135
In base 5, what is 4 - 31?
-22
In base 5, what is 10 - 211?
-201
In base 8, what is 5 - -1623?
1630
In base 9, what is -1 - 0?
-1
In base 7, what is -1 + -65?
-66
In base 2, what is 111000010110 + 0?
111000010110
In base 16, what is -1 + -1?
-2
In base 14, what is 32 - 7?
29
In base 16, what is -4a9 + 9?
-4a0
In base 7, what is 113542 + 5?
113550
In base 4, what is -112 + 200?
22
In base 2, what is -1011 + 100000?
10101
In base 5, what is 1 - 33?
-32
In base 13, what is -4 - 184?
-188
In base 14, what is 322 + 4?
326
In base 11, what is 374 + -4?
370
In base 15, what is 1e7 - -3?
1ea
In base 10, what is -3 + -32?
-35
In base 7, what is 3 + 44?
50
In base 13, what is 1c0 - -4?
1c4
In base 9, what is 80 + -5?
74
In base 9, what is 3 - 2717?
-2714
In base 14, what is 2 + 69?
6b
In base 10, what is -2 - -499?
497
In base 5, what is -4 + -30?
-34
In base 3, what is 0 - -1111022?
1111022
In base 15, what is -49 + 0?
-49
In base 14, what is 5 - -14?
19
In base 11, what is -38 - 7?
-44
In base 5, what is -103 + -3?
-111
In base 3, what is -221 + 20?
-201
In base 2, what is 101100 - -110011?
1011111
In base 5, what is 121332 - -3?
121340
In base 2, what is -1 + -1010101?
-1010110
In base 11, what is -5 + 620?
616
In base 2, what is 1011 - -100?
1111
In base 7, what is -3 + -6640?
-6643
In base 14, what is 956 - 4?
952
In base 16, what is 5 - -312?
317
In base 5, what is -10 - 3000?
-3010
In base 7, what is 6 + 3502?
3511
In base 4, what is -3 + 330?
321
In base 2, what is 100111010111 - -101?
100111011100
In base 2, what is -10101 - -10000110?
1110001
In base 10, what is 0 + -122?
-122
In base 2, what is 110000101 + 100?
110001001
In base 14, what is 3 + -7c?
-79
In base 9, what is -1 - 1021?
-1022
In base 2, what is -1100000 + 11?
-1011101
In base 12, what is 5068 - -3?
506b
In base 4, what is 11 - -120003?
120020
In base 11, what is -2 + -255?
-257
In base 8, what is 11 + 2331?
2342
In base 11, what is 4 - 96?
-92
In base 7, what is -4 + -334?
-341
In base 13, what is b0 + -3a?
73
In base 7, what is -4 - -3146?
3142
In base 8, what is 205 + -11?
174
In base 7, what is 4 - 663?
-656
In base 5, what is -4 - 133101?
-133110
In base 14, what is 2c - 10b?
-bd
In base 7, what is -2 - 33?
-35
In base 5, what is 1202 - -121?
1323
In base 7, what is -443 + -2?
-445
In base 8, what is 14230 - 0?
14230
In base 15, what is 2 + 3b7?
3b9
In base 6, what is 11245 + -31?
11214
In base 2, what is -1100011100 - -10000?
-1100001100
In base 6, what is -3 - 2115?
-2122
In base 6, what is 2 + 134?
140
In base 16, what is -3cd4 - 4?
-3cd8
In base 4, what is 1 + 112131?
112132
In base 12, what is 12813 - -2?
12815
In base 12, what is -3 + 520?
519
In base 10, what is -3 + -56?
-59
In base 15, what is 1b - -8?
24
In base 8, what is -3 - 0?
-3
In base 16, what is 1f + 2?
21
In base 13, what is 187 + -b?
179
In base 14, what is 4a - 21?
29
In base 11, what is -18 - -5?
-13
In base 15, what is 11 + -5c?
-4b
In base 15, what is -444 + 21?
-423
In base 8, what is 1620 + 3?
1623
In base 14, what is 5 - -75?
7a
In base 13, what is -3 - -376?
373
In base 6, what is -133 - 4?
-141
In base 11, what is 108 + -7?
101
In base 5, what is -3 - -2201?
2143
In base 6, what is 44 - 40?
4
In base 4, what is 200101 + 101?
200202
In base 9, what is 11 - -685?
706
In base 4, what is -13 + 20303?
20230
In base 16, what is -14 + -5?
-19
In base 15, what is 0 + eb?
eb
In base 11, what is -548 - 0?
-548
In base 14, what is -4 + 2a3?
29d
In base 3, what is 11 - 10221120?
-10221102
In base 5, what is -10 + 102144?
102134
In base 10, what is 2 + 4158?
4160
In base 15, what is -4 + -c9?
-cd
In base 8, what is -20 + -46?
-66
In base 10, what is -26 - 681?
-707
In base 6, what is 1 - 112?
-111
In base 6, what is 22 - -1?
23
In base 10, what is -97 + -1?
-98
In base 9, what is 203 + 4?
207
In base 13, what is 94 + -6?
8b
In base 4, what is -3 + -13?
-22
In base 6, what is 112 - 102?
10
In base 16, what is -2 + 35?
33
In base 8, what is 44 + 14?
60
In base 11, what is 21 + 559?
57a
In base 16, what is 2 - 265?
-263
In base 9, what is -842 + -5?
-847
In base 2, what is 1000111100110 + -11?
1000111100011
In base 15, what is -6b + -c?
-78
In base 14, what is 78 - -51?
c9
In base 5, what is -2 - 420?
-422
In base 2, what is -111 + -11000?
-11111
In base 10, what is 399 + 0?
399
In base 9, what is 1337 - 2?
1335
In base 11, what is -131 + 4?
-128
In base 10, what is -2 + 1192?
1190
In base 4, what is -3 - -2101?
2032
In base 6, what is 4 - 141?
-133
In base 2, what is -10100 + 0?
-10100
In base 9, what is -80 + -44?
-134
In base 7, what is -21 - 1?
-22
In base 11, what is -131 + 4?
-128
In base 15, what is -2 - -15a?
158
In base 10, what is -1 - -3050?
3049
In base 10, what is -180 - 1?
-181
In base 11, what is 84a - -10?
85a
In base 7, what is -165 - 23?
-221
In base 3, what is 12 + -1222?
-1210
In base 5, what is 4 + -332?
-323
In base 3, what is -12 - -21101?
21012
In base 13, what is -1c54 - 3?
-1c57
In base 10, what is -1489 - 0?
-1489
In base 15, what is -2e81 + -3?
-2e84
In base 3, what is -1 - 111002?
-111010
In base 13, what is 10 - 96?
-86
In base 4, what is -112 + 23?
-23
In base 4, what is 2211 + -211?
2000
In base 4, what is -1003 - -211?
-132
In base 2, what is 1010011010111 + 10?
1010011011001
In base 15, what is 5 - 34?
-2e
In base 5, what is 111 + 101?
212
In base 13, what is 14 + -28?
-14
In base 12, what is 3bb - 0?
3bb
In base 8, what is 37 - 11?
26
In base 11, what is 9 - -572?
580
In base 7, what is -2 + 100?
65
In base 8, what is -22 + 0?
-22
In base 11, what is -50a + 2?
-508
In base 9, what is 4 + -1?
3
In base 16, what is 2 + -7a?
-78
In base 4, what is 3 - -321?
330
In base 3, what is 20 + 2?
22
In base 12, what is -3b + 14?
-27
In base 11, what is aa - 3?
a7
In base 3, what is -20210120 + -11?
-20210201
In base 2, what is 101101 + -1100101?
-111000
In base 9, what is -5 + -3268?
-3274
In base 9, what is 2 + 1004?
1006
In base 7, what is -110 - 16?
-126
In base 3, what is -12012221 - 0?
-12012221
In base 13, what is -64 - -5?
-5c
In base 13, what is -52b - -3?
-528
In base 2, what is 1001000 - -1010?
1010010
In base 2, what is 0 - -1001100?
1001100
In base 2, what is 0 + 101001?
101001
In base 7, what is -10353 - -5?
-10345
In base 11, what is 2 - -60a?
611
In base 9, what is 2443 + 2?
2445
In base 13, what is -5 - 141b?
-1423
In base 5, what is 12 - 3132?
-3120
In base 8, what is 2 + 4356?
4360
In base 4, what is -10 - -302?
232
In base 4, what is 3 - -2132?
2201
In base 5, what is 1 + 3011?
3012
In base 8, what is 1 + 5153?
5154
In base 13, what is 12